1611 = -518*z + 519*z. What is the thousands digit of z?
1
What is the hundreds digit of 1514/3 + (1 - (-6)/(-9))?
5
Let n be 1/(-2) + 18/12. Let h be (-2 + n)*4*-1. Suppose -5*k + h*m = -65, -2*m - 5 = -m. What is the units digit of k?
9
Let v be 88/(-12)*6/(-4). Suppose -304 = -15*j + v*j. What is the tens digit of j?
7
Let u be (26/1)/2*1. Let c = u - 3. What is the tens digit of (-760)/(-50) + 8/c?
1
Let z be -24*(40/(-18) + 2)*3. Suppose -2*q - 4*x = -20, 4*x = -3*q + z + 12. What is the units digit of q?
8
Suppose 0*d - 2*g - 36 = -5*d, 4*d = -g + 34. Let h = -3 + d. Let u = h + -4. What is the units digit of u?
1
Let t(x) = 2*x**2 + 33*x + 38. What is the tens digit of t(-17)?
5
Let y(t) = -37*t + 111. What is the tens digit of y(-12)?
5
Suppose -3*h - 2*h = -4*d + 16, 0 = h - 5*d + 20. Suppose -3*p + 12 = h, -i = i + 3*p - 162. What is the tens digit of i?
7
Suppose -3985 = -15*u + 2165. What is the tens digit of u?
1
Let t(d) = 42*d + 62. What is the tens digit of t(3)?
8
Let n(c) = -27*c + 149. What is the hundreds digit of n(-12)?
4
Let r = -30 + 308. Let a(g) = 278 - 9*g - r. What is the tens digit of a(-3)?
2
Let t(o) = -4*o + 18. Let p be t(-10). What is the units digit of 3/18*p*15?
5
Let f be 26/12 - (-3 + -3)/(-36). Suppose -f*o + 3*b = -117, -o + 27 + 35 = 2*b. What is the units digit of o?
0
Let a(j) = -58*j + 440. What is the thousands digit of a(-23)?
1
Suppose -2*f + 1509 = -1197. What is the units digit of f?
3
Suppose 2*r = 43 - 35. Suppose -5*x - n + 23 = 0, 0*x + r*x - 2*n - 10 = 0. What is the units digit of x?
4
Let s = -816 + 2766. What is the tens digit of s?
5
Suppose 0 = -6*n + 2*n - 4*i - 276, -10 = 5*i. Let k = n - -114. Suppose 2*c - 45 = k. What is the units digit of c?
6
Suppose 2*k - 5*i - 887 = 0, -5*k = i - 2692 + 515. What is the units digit of k?
6
Suppose 10*f = 26292 - 9322. What is the units digit of f?
7
Suppose -41*l - 5 = -36*l. What is the hundreds digit of 102 - l - (-2)/(-6)*9?
1
Let y = 9 - -6. Let q = y + -10. Suppose q*l - l - 60 = 0. What is the units digit of l?
5
Let y be (-5)/10*2*12. What is the tens digit of (6 - -39)*y/(-9)?
6
Suppose -7*h + 3*h = -92. Let q = 28 - h. Suppose 4*d + 2*r + 0*r = 148, -4*d - q*r + 142 = 0. What is the units digit of d?
8
Let h = 1695 + -1683. What is the tens digit of h?
1
Let c(q) = -7*q + 40. Let m be c(-17). Let f = m - 93. What is the tens digit of f?
6
Let p = -12 - -12. Let f(t) = -t**2 + 180. Let a be f(p). Suppose 0 = 5*n - 10*n + a. What is the tens digit of n?
3
Suppose -25 = -5*d - 0. Suppose 4*g = -d*p + 475, 0 = -7*p + 2*p + 5*g + 475. What is the units digit of p?
5
Let t = -15 - -19. Suppose g - t*w - 42 = 0, -241 = -5*g + w + 7. What is the units digit of g?
0
Suppose 15*m - 14*m = 6. Let p(u) = -6*u + 39. What is the units digit of p(m)?
3
Let b = 56 - 33. Let u = -5 + b. What is the tens digit of u?
1
Suppose 1595 - 4676 = -3*x. What is the units digit of x?
7
Let u(k) be the third derivative of k**8/560 + k**5/120 + 11*k**4/24 - k**2. Let i(s) be the second derivative of u(s). What is the units digit of i(1)?
3
Suppose -o = -3*o + 6. Suppose -5*b + o*r = -0*b + 42, -3*b - 14 = r. What is the units digit of b/(-5) - 12/60?
1
Let m = 28 + -36. Let g = m - -26. What is the tens digit of g?
1
Suppose j + 2*w = 6*j - 41, -2*j = 4*w - 2. Suppose 3*l - d - 398 = 0, 0 = -l - 2*d + j*d + 128. What is the tens digit of l?
3
What is the thousands digit of (-94*115/(-20) + -4)*2?
1
Let m(r) = -1 - 2*r - 15*r**2 + r - 4*r**3 + 16*r**2 + 2*r. What is the units digit of m(-2)?
3
Let p(v) = 110*v**2 - 9*v + 13. What is the tens digit of p(2)?
3
Let x(p) = 8*p**3 + 4*p**2 - 3*p + 1. Suppose 4*f - 4*w = 0, -2*w + 4*w + 6 = 5*f. Let s be x(f). Suppose -6*l + l = -s. What is the units digit of l?
5
Let i = 32 + -26. Suppose 0 = -4*w + 2 + i, -a - 2*w + 121 = 0. What is the hundreds digit of a?
1
Suppose -2*w = -2*d + 1254, 12*d = 15*d + 5*w - 1897. What is the units digit of d?
9
Suppose 9*s = 14*s. Suppose s = -2*c + 3*c + 92. Let y = 129 + c. What is the units digit of y?
7
Let w = 628 - 304. Suppose w = -20*c + 22*c. What is the tens digit of c?
6
Suppose -5*p - 5*j + 300 = -0*p, 2*p + j - 121 = 0. Suppose 2*a = 5*s - 4 + p, -4*a + 125 = s. What is the units digit of a?
1
Suppose w - 4 = -5. Let g = 53 + w. Suppose 0 = -2*c - 5*r + 49, -3*c - 5*r = -g - 24. What is the units digit of c?
7
Let s be ((-20)/(-3))/(6/27). What is the tens digit of 65/2*s/15?
6
What is the units digit of (4 - 437)/(2/3 - 1)?
9
Suppose n = -5*r + 34 - 149, -4*n - 4*r - 428 = 0. Let u = n - -205. What is the hundreds digit of u?
1
Suppose 0 = 7*u - 2*u - 7800. Suppose 0*b + u = 15*b. What is the units digit of b?
4
Let c = -464 + 761. Let w = c - 209. Suppose 0 = -5*i - 8 + w. What is the tens digit of i?
1
Suppose -19*r = -10286 - 10481. What is the thousands digit of r?
1
Let z = -10 - -13. Let i(x) = 3*x + x**2 + 4 - 3*x**2 + z*x**2. What is the units digit of i(-4)?
8
Let p = 110 - -350. What is the tens digit of p?
6
Let n(r) = -2*r - 7. Let s(u) = 10*u + 51. Let k(m) = 5*m + 26. Let h(c) = -7*k(c) + 4*s(c). Let v(d) = 4*h(d) + 14*n(d). What is the units digit of v(-9)?
2
Let k(l) = 216*l**3 + l**2 + 3*l - 4. What is the tens digit of k(1)?
1
Let q = -107 + 615. What is the tens digit of q?
0
What is the units digit of 91/2 + (-1)/4*-2?
6
Suppose 38*q = -0*q + 12692. What is the tens digit of q?
3
Let p = 17 - 134. Let x = -75 - p. What is the tens digit of x?
4
Suppose -54352 = 6*h - 49*h. What is the thousands digit of h?
1
Let k(x) = 13*x - 1. Let q be (0 - 1)/((-2)/(-2)). Let w be k(q). Let b(i) = -5*i - 1. What is the tens digit of b(w)?
6
Suppose -25*v = -24*v. Suppose -5*o + 126 = i, v = -4*i + o - 247 + 709. What is the units digit of i?
6
Suppose 0 = f - 5*m + 29, -2 + 28 = -4*f + 2*m. Let g(z) = -18*z + 6. What is the units digit of g(f)?
8
Let k(i) = -6*i + 98. What is the units digit of k(-18)?
6
Let k(w) = 5*w**3 - 3*w**2 - 2*w - 1. Let m be 4/(-38) - 236/(-76). What is the hundreds digit of k(m)?
1
Suppose 5*w - 20 = -4*m - m, 0 = -4*w - 2*m + 18. Suppose -3*z - 13 = -2*k, -2*z - 2*z = w*k + 2. What is the units digit of k?
2
Suppose -9*f - m = -4*f - 13932, 4*f + 5*m - 11133 = 0. What is the thousands digit of f?
2
What is the units digit of 980 - (-15)/(-1 + 6)?
3
What is the units digit of 75/10*3104/5 - 2?
4
Suppose -111 = -3*y - 5*z, y - 7*z + 2*z - 57 = 0. Let v be ((-7)/14)/(1/y). What is the tens digit of 12/v - 3672/(-56)?
6
What is the tens digit of ((-11)/44)/((-5)/13660)?
8
Let y = -400 - -719. What is the tens digit of y?
1
Suppose -6*g + 4*g - 4*w = -1334, 2716 = 4*g - 4*w. What is the tens digit of g?
7
Let z(y) = 69*y - 22. Let w be z(6). Suppose -w + 35 = 7*s. Let r = s + 82. What is the units digit of r?
1
Let s(u) = u**2 - 11*u + 148. What is the hundreds digit of s(-27)?
1
Suppose -3*v - 17*w + 5307 = -21*w, -8877 = -5*v - 4*w. What is the units digit of v?
3
Suppose -4*h = -2802 - 3470. What is the thousands digit of h?
1
Let w(g) = 108*g**2 + 5*g + 9. What is the tens digit of w(-2)?
3
Suppose -335 - 37 = -12*z. What is the tens digit of z?
3
Suppose 4*z = -u + 5380, 5*z - 22*u + 24*u - 6722 = 0. What is the tens digit of z?
4
Suppose -1512 = 17*t - 5*t. Let l = -49 - t. What is the units digit of l?
7
Let v(x) = 3*x**3 - 2*x**2 - 3*x + 2. Let b be v(-2). Let u be (b - 2)*(8 - 7). Let f = u + 29. What is the units digit of f?
3
Let s(x) be the first derivative of x**5/3 + x**4/12 - x**3/3 + 2*x**2 + 1. Let y(d) be the second derivative of s(d). What is the units digit of y(1)?
0
Let z = 22 + -18. Suppose 0 = -f + 2 - z. What is the tens digit of 871/39 - f/(-6)?
2
Let l(j) = 416*j + 166. What is the tens digit of l(3)?
1
Suppose 0*x + 3*x = 2391. Suppose 4*c + 253 = x. What is the units digit of c?
6
Suppose 0 = -10*i + 2 - 12. What is the tens digit of 2 + i - (-134)/2?
6
Let v = 18 - 18. What is the units digit of (-14 - 0)*(v + -4)?
6
Let l(z) = z**3 + 3*z**2 + 7*z + 3. What is the hundreds digit of l(9)?
0
Suppose -6*g + 27 = -3*g. Suppose -6*a - 258 = -g*a. What is the units digit of a?
6
What is the thousands digit of (2/(-3))/(2/(-6942)*2)?
1
Let m = -18 - -12. Let z(o) = 3*o**2 - 6*o + 6. Let t be z(m). What is the units 